*t + 3, v*l + 4*t = 20. What is x(l)?
-14
Let m(r) be the second derivative of -5*r**3/6 + 4*r**2 - 12*r - 4. Give m(0).
8
Let l(g) = g**3 + 10*g**2 + 15*g - 1. Suppose 150*r - 57*r + 651 = 0. Calculate l(r).
41
Suppose -20*p - 286 - 214 = 0. Let m = 23 + p. Let f(r) = -r + 1. Determine f(m).
3
Let b(x) = -2*x**2 + 16 + x**2 - 8*x - 20. Let o(u) = -2*u**2 - 112*u - 116. Let z be o(-55). Calculate b(z).
8
Let n(x) = -2*x**2 + 20*x - 6. Let y(r) = 13*r + 972. Let w be y(-74). Give n(w).
-6
Let l(c) = 5*c - 120. Let m = 4961 + -4933. Determine l(m).
20
Let b(u) = -2*u**2 + 20*u - 2. Let j(w) = 2*w**2 - 15*w + 5. Let o(s) = 5*b(s) + 6*j(s). Calculate o(-4).
12
Let n(y) = -3*y - 7. Let i(u) = u**3 - 16*u**2 - 37*u - 20. Let f be i(17). Let q = -367 - f. What is n(q)?
14
Let g(n) = n - 2 + 4 + 0. Suppose 0 = -6*d + 23*d - 34. Suppose 3*r - 4*r + 6 = 2*a, -r + d*a = 14. Determine g(r).
-2
Let h(q) = -q**3 - 6*q**2 - 4*q - 9. Let g be ((-112)/(-12))/((-1)/(-6)). Let d = 58 - g. Let n be (12/8 - d)*12. What is h(n)?
15
Suppose 9 = -6*j + 3. Let k(i) = i**3 + i. Let w(c) = 3*c**3 + 12*c**2 - 3*c - 16. Let a(h) = j*w(h) + 4*k(h). What is a(11)?
-28
Let a(v) be the first derivative of 17*v**2/2 + v - 1887. Give a(-1).
-16
Let l(u) = -26*u**3 + 9*u**2 + 41*u - 12. Let m(f) = 7*f**3 - 2*f**2 - 11*f + 3. Let v(n) = -3*l(n) - 11*m(n). Calculate v(-3).
-63
Let c(n) be the second derivative of 1/120*n**5 + 0*n**2 + 11/6*n**3 + 4*n + 0 + 1/12*n**4. Let d(h) be the second derivative of c(h). What is d(-6)?
-4
Let k(x) = 27*x**2 - 50*x + 51. Let g(h) = 5*h**2 - 10*h + 9. Let d(c) = 11*g(c) - 2*k(c). Determine d(15).
72
Let v = 195 + -192. Suppose -3*k - 13 = 5*b, -v*b - 25 = 2*b. Let d(u) = u - 5. Calculate d(k).
-1
Suppose 4*m = 9*m - 10. Suppose -m + 10 = 4*g. Let x(u) = -32*u**2 - u**3 + 5 + u + 25*u**g - 6*u. Calculate x(-6).
-1
Let h(p) = p**2 - 4*p + 7. Suppose -21 = 3*f - 3*q, -f - 2*q = 3*f + 28. Let d(k) = 3*k + 14. Let b be d(f). Let y be (b - -2)*12/(-10). Give h(y).
19
Let x(w) = -5*w**2 + 4*w. Let l(i) = -3*i**2 + 2*i - 3. Let s(h) = 3*l(h) - 2*x(h). Determine s(7).
26
Let m(x) = -x + 3*x**3 + 3 - 3 - x**2. Suppose 4*c - 2*p - 150 = -4*p, -4*c - p + 151 = 0. Suppose 20 = 18*u + c. Calculate m(u).
-3
Let r(v) = -v**2 + 4*v - 3. Let a be (18/(-7))/((-44)/14 - -3). Suppose t - a = -2*t. Suppose 3*w - 4*m = 19, 2*w - t + 0 = -4*m. Determine r(w).
-8
Let k(f) = -f**3 - 6*f**2 + 8*f - 3. Let m(y) = 2*y**2 - 145*y + 64. Let v be m(72). Give k(v).
61
Let o(y) = -115*y - 5. Let g(a) = 79*a + 4. Let f(x) = 3*g(x) + 2*o(x). What is f(-2)?
-12
Let y(w) = -w**3 - 2*w**2 + 11*w + 3. Let v(i) = i**3 + 3*i**2 - 8*i - 4. Let a(n) = -3*v(n) - 2*y(n). Let z = 8 + -12. What is a(z)?
-18
Let d = -463 + 461. Suppose 2*f + 1 = 5. Let o(i) = 14*i - 5*i + 1 + f. What is o(d)?
-15
Let n(h) = -20 - 63 + 61*h - 21 - 189 + 56. Let k be n(4). Let d(r) = r**3 - 6*r**2 - 8*r - 4. Determine d(k).
-11
Let l(m) = -24*m**2 - m - 3. Let q(u) = 7*u**2 + 312*u + 1024. Let k be q(-41). Determine l(k).
-26
Suppose 2*j + 0*j + n = 4, -3*j + 5*n + 6 = 0. Let p(a) = -13*a + 31*a - 17*a - a**2 - a**3 + j. Calculate p(-3).
17
Let q = 21 - 1. Suppose -5*i - y + 1 = q, 0 = -5*i + 5*y - 25. Let p(w) = -6499 - 6502 + 13000 + 0*w + 11*w**2 - 2*w - w**3 - 15*w**2. Determine p(i).
7
Let j(k) be the second derivative of -5*k**3/6 + 11*k**2/2 - 565*k. Give j(3).
-4
Let j(f) = 3*f**3 - 7*f**2 + 13*f + 24. Let w(s) = 3*s**2 + 0*s - 6*s - s**3 + 2*s - 11 + 2 + 1. Let p(c) = -6*j(c) - 17*w(c). Calculate p(-8).
8
Suppose 5*s - 3*n = 2*s - 3, -4*n = -5*s - 2. Let u(k) = 14*k**2 - 22*k + 66. Let d(f) = 5*f**2 - 8*f + 24. Let a(m) = 11*d(m) - 4*u(m). Calculate a(s).
-4
Let z(x) be the first derivative of -14*x + 145 - 1/3*x**3 - 11/2*x**2. Suppose -2*b - 32 = -12. Calculate z(b).
-4
Let b(w) = w**2 + 12*w + 37. Let p be 36/(-3)*4/(-22)*121/(-33). Give b(p).
5
Let x = 146 - 130. Let p be ((-15)/(-30))/(2/x). Let v(o) = -o**2 + 6*o - 2. Calculate v(p).
6
Let b(a) = a**3 + 22*a**2 - 2*a - 45. Let v = 3917 - 3939. Give b(v).
-1
Let y be (-8 - (-115)/15) + 184/12. Let l(o) = -3*o + 29. What is l(y)?
-16
Let w(h) = -h**3 - 5*h**2 + 5*h - 5. Let l(g) = g**2. Let b(d) = l(d) - w(d). Let j be (-2 + (4/6)/1)*(-42)/(-8). Determine b(j).
-9
Let u(q) = 6 + q**3 - q + 33*q + 9*q**2 - 24*q. Let d be u(-8). Let n(g) = -g**3 + 7*g**2 - 6*g + 6. Determine n(d).
6
Let i(f) be the first derivative of f**3/6 + 5*f**2/2 - 5*f + 8. Let j(w) be the first derivative of i(w). Let g = 1131 - 1125. Give j(g).
11
Let n(k) = 5*k**2 + 33*k - 8. Let l(i) = -4 + 3 - 6*i + 2*i**2 + 0*i + 7*i + 2. Let f(t) = -4*l(t) + n(t). Determine f(9).
6
Let y(a) = -4*a**3 + 3*a**2 + 7*a - 2. Let g(x) be the first derivative of 11*x**4/4 - 8*x**3/3 - 19*x**2/2 + 7*x - 100. Let t(b) = -3*g(b) - 8*y(b). Give t(0).
-5
Let h(d) = -28*d + 13*d + 17*d + 1 + 1. Let g(c) = 2*c**2 - 4. Let w be g(2). Suppose 5*v + w + 11 = 0. Give h(v).
-4
Let s be (-113)/(-3) - (1 + 3/(-9)). Suppose 0 = -2*g - 4, 3*j - 2*g - s = 3*g. Let h be (0 - j/(-21))*(1 + 6). Let d(l) = 4*l - 3. Calculate d(h).
9
Let p be 85/(-15) - 10/(-15). Let k(t) = 16*t + 76. Let o be k(p). Let g(f) = 3*f + 1. Determine g(o).
-11
Let v(i) = i**3 - 5*i**2 + 4. Suppose 3*s = 2*l + 169, -2*s = -3*s - 3. Let q = l + 107. Let g be (27/q)/(3/8). Calculate v(g).
-12
Let n(x) be the second derivative of 0 + 25*x + 7/2*x**2 + 1/3*x**3. What is n(-8)?
-9
Suppose 5*l + 6 = -3*p, 4*l - 4 = 3*p - p. Let c = 34 + -25. Let t(m) = c + 11 + m - 3 - 2*m. Give t(l).
17
Let a(r) = r**3 + 4*r**2 - 7*r - 7. Let v be ((-48)/14 - -3) + 5/(-35)*32. Give a(v).
3
Let g = -58 - -80. Let t be (-230)/55 + 4/g. Let q(i) = 3*i**3 + 9*i**2 + 11*i + 5. Let j(p) = -p**3 - p**2 - p. Let o(a) = t*j(a) - q(a). What is o(6)?
-11
Let i(s) = s**2 - 38*s - 486. Let h be i(-10). Let c(b) = b**2 + 4*b - 3. Give c(h).
9
Let l = 1134 + -1141. Let u(h) = 4*h**2 + 30*h - 7. Determine u(l).
-21
Let x be ((-24)/72)/((-2)/6). Let k be x/(-2)*6 + 2. Let a(y) = -22 - 12*y + 40 - 17. Determine a(k).
13
Suppose -49 - 19 = -17*g. Suppose -2*z = -4*y - 8, 0*z - 20 = g*y + z. Let h(v) be the second derivative of v**4/12 + v**3 + 2*v**2 + 2*v. What is h(y)?
-4
Let j be 72/600*80 - 54/90. Let p(l) = -10*l + 43. Let h(v) = -21*v + 87. Let x(u) = -6*h(u) + 13*p(u). Calculate x(j).
1
Let h(b) be the first derivative of b**3/3 - 4*b**2 - b - 25. Suppose 827*m - 45 = 822*m. Calculate h(m).
8
Suppose 16*q = 8*q + 56. Suppose 0 = q*t + 1 - 22. Let n(a) = 10*a + 1. What is n(t)?
31
Let s(t) = t**2 + 11*t. Let c(f) = 2*f**3 + f**2 + 71*f + 3. Let x(j) = c(j) - 6*s(j). Give x(3).
27
Let w(r) = 2374658*r**2 + 0 + 2 + 5*r - 2374657*r**2. Calculate w(-6).
8
Let c = -8 + 6. Let y(g) = -45*g**2 - 8*g + 17. Suppose -6*l + 2*l = 5*v + 105, 0 = l + 5. Let i(b) = -16*b**2 - 3*b + 6. Let d(f) = v*i(f) + 6*y(f). Give d(c).
2
Let g(s) = -4*s**3 + 4*s**2 - s + 2. Let x(j) = -j + 4*j**2 - 1 + 0*j - 5*j**3 + 2. Suppose 0 = 36*v - 55*v + 114. Let i(p) = v*g(p) - 5*x(p). Calculate i(-5).
-13
Let d(y) = -38*y - 294. Let i(z) = -18*z - 150. Let t(l) = -4*d(l) + 9*i(l). Calculate t(-20).
26
Let b(m) = -m + 9*m**3 + 23*m**2 - 53*m**2 - 8 + 20*m**2 - 8*m**3. Suppose -5*k + 3*r = -41, -2*k + 0*r - 4*r + 32 = 0. What is b(k)?
-18
Let d(p) = -p**3 - 7*p**2 - 2*p + 2. Let o(m) = -53*m**3 - 4*m**2 + m + 3. Let f be o(2). Let v = f - -430. Determine d(v).
-38
Let k be ((-16)/(-32))/(9/(-4) - -2). Let w(x) = 30*x**2 + 6*x - 13. Let y(j) = -17*j**2 - 4*j + 7. Let h(q) = -4*w(q) - 7*y(q). What is h(k)?
-9
Let x = 6 + -4. Let j(k) be the second derivative of -k**6/120 + k**3/3 + 20*k**2 + 124*k. Let p(u) be the first derivative of j(u). What is p(x)?
-6
Let o(l) = 4*l + 4. Suppose s = -3*w + 2893, -3*w + w + 1937 = -s. Let i be w/(-210) - 2/5. Calculate o(i).
-16
Let k be 7 + 6/(-4)*(-44)/(-6). Let g(n) = 2*n + 5*n + 3 - n + n**2. What is g(k)?
-5
Suppose 3*w = 5*w - 2. Let q(t) = 4 + 5*t - 6*t + w. Let i be (1 - (-72)/8 - 10)*1. Determine q(i).
5
Suppose 513 = 19*s + 215 + 241. Let y(g) = -7*g + 12. Give y(s).
-9
Suppose -2 = -2*x - 0. Let y(i) = 246382*i - 492756*i - 1 + 246398*i. What is y(x)?
23
Let i be 2/7 + (-20)/(-28). Let z be (-104)/20 + i/5. Let u(q) be the third derivative of -q**4/6 - q**3